be ((24/(-16))/(9/(-12498)))/1. Let u = -1422 + h. What is the units digit of u?
1
Let x = -113 + 40347. What is the hundreds digit of x?
2
Let b(m) be the second derivative of m**5/5 + m**4/12 - m**3/6 - 2*m**2 + 26*m. Let n be b(-2). What is the tens digit of ((-2)/3 - 35/n)*50?
2
Suppose 11 - 51 = -5*h. Suppose 198 = -h*b + 918. What is the units digit of b?
0
Suppose 57 = 2*u + 2*u - 5*q, -4*q - 20 = 0. What is the units digit of (u/(-32) + 1)*1076?
7
Suppose b - 376 = 4*w, 0 = 5*b - 3*w - 195 - 1651. Let n = -172 + b. What is the hundreds digit of n?
1
Let y(t) = t**2 + 3*t - 18. Let i be y(5). Suppose -5*s + 5483 = n, i*n - 23*n = -3. What is the thousands digit of s?
1
Let o be (188/235)/((-2)/(-1185)). Suppose -166 = -10*j + o. What is the units digit of j?
4
Let f = -31 + 30. Let i be f*-6*8/12. Suppose 2*k - 205 - 217 = -3*a, 0 = -i*a - 4*k + 556. What is the hundreds digit of a?
1
Let d(u) = -u**2 - 3*u - 2. Let a(t) = -t - 8. Let v be a(-7). Let y be d(v). Suppose y = -2*n + 36 + 92. What is the tens digit of n?
6
Let j = -104302 - -178829. What is the ten thousands digit of j?
7
Suppose 0*c + 5*c = 12935. Suppose 6*r - c = -1033. Let g = r + -144. What is the tens digit of g?
1
Let o(t) = 88*t**2 - 28*t - 2490. What is the hundreds digit of o(-29)?
3
What is the thousands digit of (276/(-18) - 8)/(6/1404*-1)?
5
Suppose 3*j - 309 = -k, -6*k + 1292 = -2*k - 2*j. Suppose -1 = -12*d + 35. Suppose -2*z = -z - d*y - k, 4*y - 1548 = -5*z. What is the tens digit of z?
1
Let w = 2903 - 1046. What is the thousands digit of w?
1
Suppose 218 = 4*a - 2*a + 5*b, -2*a + b = -242. Suppose 0 = -i - 3*c + a, 4*i - 6*i - 5*c + 235 = 0. What is the tens digit of i?
1
Let k = -1671 - -1813. What is the units digit of k?
2
Let z be -7 + 4 - (-1 + -5). Suppose 4*v + 280 - 8 = 3*p, 0 = -p - z*v + 69. Suppose 123 = 2*a + 5*c, a - p = 3*c - c. What is the units digit of a?
4
Let c(m) be the first derivative of m**2/2 - m + 19. Let w be c(3). Suppose 1122 = -w*s + 13*s. What is the hundreds digit of s?
1
Let n = 16317 + 4617. What is the hundreds digit of n?
9
Let y be 3/(-2) - (-1)/(-6)*-141. Suppose 7400 = y*j - 300. What is the units digit of j?
0
Suppose -32*r + 132 = 4. Suppose -r*h = -6*h + 3*s + 262, 5*s - 278 = -2*h. What is the hundreds digit of h?
1
What is the tens digit of 2501 - ((12/(-10))/((-12)/30))/1?
9
Suppose 3*n + 5*j = 2318, 2*j + 676 + 2406 = 4*n. Let c = -361 + n. What is the tens digit of c?
1
Let y(n) = n**3 + 13*n**2 - n - 9. Let k be y(-13). Suppose k = -7*b + 3*b, v + b + 63 = 0. Let g = 137 + v. What is the units digit of g?
5
Suppose 15*o - 10 = 20*o. Let n be o*(-1)/(-4)*0. Suppose n = -14*f + 376 + 226. What is the units digit of f?
3
Suppose -6*f - f + 7406 = 0. Suppose -3*p - 1000 = -3*g - 358, -5*g = p - f. What is the tens digit of g?
1
Let i be 86/(-10) - 4/10. Let u(h) = -6*h - 50. Let t be u(i). What is the units digit of t/(-8)*-2*52?
2
Let n be 2/4 - (-1846)/(-52). What is the hundreds digit of (n/20 - -2) + 1881/12?
1
What is the hundreds digit of 20729 - (-7 + ((-12)/2 - (-81)/9))?
7
Let m(v) = v**2 - 5*v + 448. Let j(a) = -a - 29. Let p be j(-29). What is the tens digit of m(p)?
4
Let s(y) = -y**2 - 199*y + 2618. What is the ten thousands digit of s(-106)?
1
Suppose 0 = -3*t - 3*q + 30, 5*t = 7*q - 2*q + 10. Suppose 6 = -2*d + 8*c - t*c, 3*c = 5*d + 5. What is the units digit of d?
2
Suppose 10*j = -5*m + 7*j - 215, 5*m + j + 205 = 0. What is the units digit of -2*((-3505)/m)/((-3)/12)?
1
Suppose 7*q - 2*q + 5*x - 585 = 0, 4*x = 5*q - 603. Let w = 118 - q. What is the units digit of (120 + w - 3) + -5?
1
Suppose 1247*l - 1213*l = 865504. What is the units digit of l?
6
Suppose 33*c + 3*l = 31*c + 11475, 3*c - 17220 = 3*l. What is the thousands digit of c?
5
Let m be -3*4/72*6. Let b(r) = 654*r**2 + 5*r + 6. What is the hundreds digit of b(m)?
6
Let a be 0 + 6/(-3 - -6). Suppose -5*r + 50 = -5*o, 0 = -r + 5*o - a. What is the units digit of r - 1 - (-1 - -4)?
9
Let r(q) = q**2 - 1. Let f(b) = 118*b**2 - 2*b + 2. Let o(w) = f(w) + 3*r(w). Let u be o(-1). Suppose -c = -82 - u. What is the tens digit of c?
0
Let w(l) = 5967*l**2 - 26*l - 30. What is the tens digit of w(-1)?
6
Let n(i) = i**2 + i + 24. Let c be n(0). Let l(r) = r**2 - 14*r + 13. Let p be l(11). What is the tens digit of (c/p)/((-2)/60)?
3
Let w(b) = -37*b**2 + 18*b - 14. Let y(k) = k**3 - 2*k**2 + k - 2. Let h(c) = -w(c) + y(c). What is the units digit of h(-35)?
7
Let a(f) = 17*f - 102. Let c be a(6). Suppose 6*v + c*v = 3678. What is the units digit of v?
3
Let f(l) = 39*l**2 - 2*l + 3. Let j be f(1). What is the units digit of 1147/3 - (j/(-6) - -6)?
3
Let r(i) = -30*i**3 - 2*i**2. Let j be r(-1). Suppose 8*s = j - 12. Suppose -5*g + 4*w + 417 = 0, s*w + 0*w = -4*g + 344. What is the units digit of g?
5
Suppose -5*y = -7*y. Suppose -3*o + 2*o - 2*f = 5, y = -3*o + 4*f + 35. Suppose o*i - 196 = 169. What is the units digit of i?
3
Let y(c) = 15*c**2 - 5*c + 85. Let f be y(13). Suppose 0 = r - 4*i - 224 - 271, -4*i - f = -5*r. What is the hundreds digit of r?
5
Let n(x) = 2*x - 13. Let q be n(6). Suppose 6*u = 3*u + p + 224, -2*u = 3*p - 164. What is the tens digit of u - (q*(3 + 2) - -3)?
7
Suppose 1 + 53 = 6*g. Suppose 6*r = -g - 27. What is the units digit of r/((-12)/34) + 2?
9
Suppose -2*y + 1490 = -5*c, -c + 0*c + y - 295 = 0. Let u = 27 + c. Let h = u - -428. What is the tens digit of h?
5
Suppose 2*w + 50 = 54. What is the tens digit of 1*(9/(-18))/(w/(-2092))?
2
What is the ten thousands digit of (3 + -2 + -749)/(-38 - 47787/(-1258))?
5
Suppose 6*s = -15 - 9. What is the tens digit of 6/(((-6)/1024)/(1/s))?
5
Let h(w) = -w**2 + 20*w - 67. Let i be h(13). Suppose i*a - 17*a - 203 = 0. What is the tens digit of a?
2
Let f(u) = u + 2*u**2 + 523 - 523. Let k be f(0). Suppose k = 4*t - 2*t - 336. What is the hundreds digit of t?
1
Suppose -12*l = -79610 - 107242. What is the hundreds digit of l?
5
Let k(h) = 2*h + 6*h - 20*h + 52*h**2 + 2 + 9*h + h. What is the units digit of k(1)?
2
Let i = 5 - 2. Let u(w) = 8*w - 36 + 4*w**3 - 5*w**i + 19 + 9*w**2. What is the units digit of u(9)?
5
Let r = 441 - 58. Let o = 796 - r. What is the units digit of o?
3
Suppose -17249 + 3321 = 8*t. Let w = 3165 + t. What is the hundreds digit of w?
4
Suppose -8 = -4*f, -4*f + 5098 = -4*i + 25498. What is the units digit of i?
2
Let l = 50 - -20052. What is the units digit of l?
2
Let z = -112 + 54. What is the hundreds digit of -18*4/12*z?
3
Let u(h) = 1. Let c(w) = -2*w - 8. Let b(a) = -a - 4. Let o(k) = 9*b(k) - 4*c(k). Let f(v) = -6*o(v) - 14*u(v). What is the tens digit of f(3)?
2
Let j(h) = h**2 - 12*h + 7. Let v be j(17). Let z = v + -29. Suppose -2*q + z = q. What is the units digit of q?
1
Suppose -x - 91 = -6. Let b = x + 84. What is the hundreds digit of -5 + 3 - (2 - -275)*b?
2
Let m be (-30)/(-4)*48/(-20). Let g = -8 - m. Suppose g*d - d = 441. What is the units digit of d?
9
Let j(l) = l**3 + 12*l**2 - 3*l + 8477. What is the thousands digit of j(0)?
8
Suppose 0 = -3*h + 2*m + 1036, 0*m + m - 1 = 0. Let q = h - 170. What is the tens digit of q?
7
Let t = 897 - 34. Let d = t - 512. What is the hundreds digit of d?
3
What is the ten thousands digit of ((-4)/6)/(736/(-34840032))?
3
Let x be 237 - (-1 + 0 + 3). Suppose -x - 40 = -h. Suppose u + 277 = 4*b, -b - 3*b = u - h. What is the tens digit of b?
6
Let c(r) = 19*r**2 - 45*r + 5. Let s be c(4). Let v = s + 197. What is the hundreds digit of v?
3
Suppose -5*u = 2*k - 4*k - 135, -5*k - 5*u - 425 = 0. Let n be (-105)/(-6)*16/10. Let j = n - k. What is the tens digit of j?
0
Let o = 11 - 35. Let h be (3/(-4))/(6/o). Suppose -h - 437 = -4*r. What is the units digit of r?
0
Suppose 3*j - 327*r = -322*r + 31451, 0 = 2*j + 5*r - 20934. What is the units digit of j?
7
Let q be (-2*1)/(52/(-130)). Suppose 44 - 184 = q*p. Let y = p + 40. What is the tens digit of y?
1
Suppose v = -n + 12036, -2*n - 24052 = 43*v - 45*v. What is the hundreds digit of v?
0
Suppose 3*w - 6 = -2*a, 5*a - 15 = 17*w - 12*w. Suppose -t = n - 108, 5*t = -4*n + 2*t + 437. Suppose w = 4*h - n + 45. What is the units digit of h?
7
Let b(o) be the first derivative of o**2 - 24. Let j be b(0). Suppose j = 14*f - 18*f + 384. What is the unit